igit of v?
0
Let f be (-8)/10*(-340)/8. Suppose 37*z + 18 = f*z. What is the tens digit of (-3)/((-63)/z) - 4206/(-21)?
0
Suppose 2520 = 4*c - 10*c. What is the units digit of (-527)/(-7) - 15/(c/(-8))?
5
Let o(a) = -3*a**3 - 27*a**2 + 2*a + 3422. What is the hundreds digit of o(0)?
4
Suppose -4*m = -31*a + 29*a - 13112, 0 = -2*m - 4*a + 6536. What is the tens digit of m?
7
Let d = 4 + -7. Let t be (0 - 1) + (3 + -1)*d. What is the hundreds digit of 0 - 1 - (-113 + t)?
1
Suppose 492 = -3*t + 2*s, -2*s = 5*t + s + 839. Let i = 120 - t. What is the hundreds digit of i?
2
Let p = 37395 + -55830. What is the units digit of 72/(-84) + p/(-21)?
7
Let o(d) = -1000*d + 8148. What is the hundreds digit of o(-27)?
1
Suppose 0 = -0*g - 9*g - 126. Let a = 103 - g. What is the units digit of a?
7
Let h be (-1)/5 - 7*112/(-20). Suppose 36*k - 297 = h*k. Let d = k + 267. What is the units digit of d?
8
Let v(s) = s**3 + 6*s**2 - 3*s - 20. Let k be v(-5). What is the hundreds digit of (4*7165/k)/(3/3)?
4
What is the units digit of (10*65273/910)/((-1)/(-7))?
1
Suppose -4*d + 944 = 7348. Let v = d + 3109. What is the hundreds digit of 18/63 - v/(-14)?
1
Let j(w) = -26*w**2 - 7*w + 18. Let x be j(7). Let l = x - -2153. What is the units digit of l?
8
Suppose 9*d + 20*d = -5*d + 612136. What is the thousands digit of d?
8
Let x = 43676 + -23893. What is the thousands digit of x?
9
Suppose 93*p - 43526 = -87*p + 17494. What is the tens digit of p?
3
Let s(t) = 23*t - 4*t + t**2 + 9*t + 63 + t. What is the units digit of s(-34)?
3
Suppose 3*i = -12, 4*i - 8190 = -2*m + m. What is the units digit of m?
6
Let i(z) = 3*z**2 - 1. Let a(r) = 53*r**2 - 2*r - 4. Let q(g) = 2*a(g) - 6*i(g). Suppose 0 = -d - 3*p + 8, d - 2 = 2*p - 3*p. What is the units digit of q(d)?
0
Let h = 605 - 491. Let n = h + 133. What is the tens digit of n?
4
Let s = -11 + 11. Let o be 3*(3 + -2 + s). Suppose -57 = o*k - 6*k. What is the tens digit of k?
1
Suppose 0 = -6*r + 67*w - 72*w + 51288, 2*r + w = 17096. What is the thousands digit of r?
8
Let f = 14 + -12. Suppose f*w = -12 + 30. What is the units digit of 3*(240/w + 1)?
3
Let v(l) = -l - 16. Let n be v(-18). Suppose 0 = 2*c - 0*c - n. What is the tens digit of 12*c - 0/8?
1
Let n(b) = -20*b - 14. Let k be n(-4). Let u be ((-1628)/k)/(2/12 - 0). Let t = 249 + u. What is the units digit of t?
1
Let h(b) = -283*b - 2572. What is the ten thousands digit of h(-56)?
1
Let q(z) be the second derivative of z**3/3 - 9*z**2 - 16*z. Let s be q(12). Suppose s*h - 3*h = -2*d + 194, 4*d = 16. What is the tens digit of h?
6
Let s(o) = -442*o**3 - 2*o**2 + 5*o + 3. Let v be s(-2). Let i = -2103 + v. What is the thousands digit of i?
1
Let q(w) be the third derivative of -w**6/120 + 13*w**5/60 + 17*w**4/24 + 10*w**3/3 - 17*w**2. Let u be q(14). Let l = 68 - u. What is the units digit of l?
6
Let n(k) = 33710*k**3 - 4*k**2 - 3*k + 5. What is the ten thousands digit of n(1)?
3
Suppose 0 = z - 3*j + 39 + 18, -5*z = j + 285. Let v = 122 + z. What is the units digit of (-13)/v - 26/(-5)?
5
Suppose 0 = s + 5*h - 20, s + h - 4 = 5*s. Suppose s = 5*n - 2*l - 31, -2*l = 3*n - 2*n + 1. Suppose -6*r = -n*r - 25. What is the units digit of r?
5
Suppose -22*h = -163*h - 49*h + 8598450. What is the tens digit of h?
5
What is the tens digit of 2 + 7830 - (24 + -12)?
2
Suppose -8*m + m = -217. Let k = -29 + m. Suppose k*p - 5*z - 306 = 0, 2*p + 4*z = 407 - 65. What is the units digit of p?
3
Suppose 3*y = 5*m - 64, 5*m - 2*y - 30 = 36. Suppose -60*p + 58*p + m = 0. Suppose -d - p = -2*v + 11, 46 = 5*v - 3*d. What is the units digit of v?
8
Let x(c) be the first derivative of 2*c**3/3 - 11*c**2/2 + 6*c + 60. What is the hundreds digit of x(-11)?
3
Let w(a) = -432*a - 1921. What is the thousands digit of w(-9)?
1
Suppose 4*i = 1625 - 1609, -3*s + 4*i = -17993. What is the hundreds digit of s?
0
Let z = 225 - 221. Suppose -t + 2*x + 2*x = -378, 8 = z*x. What is the units digit of t?
6
Suppose 4*q - 3*k - 3 - 4 = 0, -4*k + 12 = 0. Suppose -q*v - 4*i = i - 1553, -4*i = 3*v - 1164. What is the units digit of v?
2
Let c be (-408)/(-108) + 4/18. Suppose j + c = -1, -5*s = -j - 130. What is the units digit of s?
5
Suppose 2*c + 163 = -111. Suppose 556 = 4*w - 268. Let q = w + c. What is the tens digit of q?
6
Let g(h) = 6*h - 194. Let p be g(33). Suppose d - 263 = -p*i, 4*d - 386 = -4*i + 714. What is the hundreds digit of d?
2
Let f = 25 - 22. Suppose j + j - f*b = 20, -b = -3*j + 30. Suppose -11*i = -6*i - j. What is the units digit of i?
2
Let j be 34/51 + (-8)/(-6). Suppose 0 = j*v + 318 - 1058. Let f = v + -242. What is the hundreds digit of f?
1
Let j = -17579 - -25072. What is the tens digit of j?
9
Let l be ((-6)/(-18))/(2/(-6)). What is the units digit of (-1375)/l + (2 - (-8 + 11))?
4
Let j = 107 - 87. Suppose 0 = 5*v - 5*t + 37 + 13, v + 5*t - j = 0. Let d(w) = -w**3 - 5*w - 3. What is the tens digit of d(v)?
4
Suppose -2*b = -4*z - 43660, -43652 = 44*b - 46*b + 2*z. What is the ten thousands digit of b?
2
Suppose 32 = -4*s, i - 29626 + 10994 = -5*s. What is the ten thousands digit of i?
1
Suppose -32*d + 15*d = -696660. What is the tens digit of d?
8
Let w = -1001 + 1783. What is the hundreds digit of w?
7
Suppose -2484 = -4*r - 4*j, 2*r - 6*j - 1239 = -5*j. Let q = r - 390. What is the units digit of q?
0
Suppose 30*k = -2*u + 24*k + 63820, 5*u = -4*k + 159528. What is the thousands digit of u?
1
Let n(h) = 11*h**3 - 38*h**2 + 11*h + 29. What is the hundreds digit of n(11)?
1
Let f = 447 - 227. Let g(q) = -2*q**2 + 4*q - 1. Let x be g(-6). Let h = f + x. What is the tens digit of h?
2
Suppose -58 = -7*d + 110. Suppose -d*w = -26*w. Suppose -3*h = 3*f - 126, -4*f + 2*h = -w*h - 150. What is the units digit of f?
9
Let j = 1619 - 1136. Let i = 730 - j. What is the tens digit of i?
4
What is the thousands digit of (10294/(-4))/(7/(-154)*11)?
5
What is the thousands digit of (173 + -203)/((-2)/807)?
2
Let f be (11 - 3) + -3 + 0. Suppose -2*o + f*o = 4*b - 668, -3*b = -4*o - 494. Suppose -4*v + 209 = 5*s + 39, 0 = 5*s - 3*v - b. What is the tens digit of s?
3
Suppose 2160*m = 2138*m + 69168. What is the tens digit of m?
4
Suppose 71 + 1949 = 10*w. Let j = 303 - w. What is the units digit of j?
1
Suppose -3*u = -3*h - 106 + 316, -160 = -2*h - 2*u. Let a = 31 + h. What is the units digit of a?
6
Let h(o) = -19*o + 8. Let y be h(1). Let j(v) = -v**3 - 7*v**2 + 10*v - 30. What is the units digit of j(y)?
4
Let i(n) = 38*n**2 - 4*n + 2. Let r(s) = s**3 + s**2 - 5*s - 7. Let a be r(-3). Let f be (-1 + a/(-4))*(-4)/(-6). What is the units digit of i(f)?
6
Suppose -81*c + 62*c = -90877. What is the tens digit of c?
8
Let l = 1578 + -63. What is the thousands digit of l + (5 - 1) + 2?
1
Let i be 4 + 25/(-5) - 31. Let s = i - -40. Suppose s*k + 1374 = 14*k. What is the units digit of k?
9
Let n = 7 + 141. Suppose -2*y - 8*y = y. Suppose y = -7*j + 5*j + n. What is the units digit of j?
4
Let b be ((-76)/(-16))/((-1)/(-4)). Let x = b - 9. What is the units digit of (-10)/(-25) + 966/x?
7
Let x(p) = -9821*p + 386. What is the tens digit of x(-1)?
0
Let y = 2537 + -2034. What is the tens digit of y?
0
Let b = 123 - 81. Let k(p) = 27 + 21 - 33*p - b. What is the tens digit of k(-7)?
3
Suppose 1234 = -8*d + 1458. Suppose 0 = 18*l - d*l + 12050. What is the hundreds digit of l?
2
Suppose -64*m + 3960 = -40*m. Suppose -3*z = -5*p - m - 303, -3*z = p - 468. What is the hundreds digit of z?
1
Suppose -8*q + 6 = -5*q. Suppose 2*u = -5*r + 13, 7 = 3*u + q*r - 7. Suppose 0 = -0*x + u*x - 300. What is the units digit of x?
5
Let s(i) = 131*i + 3. Let n be s(-3). Let g be (n/(-24))/((-4)/(-64)). Suppose 3*r = -2*r + g. What is the units digit of r?
2
Let o be (-4)/(-5)*(3 + -13). Let a(x) = x**3 + 8*x**2 + 6*x + 7. Let y be a(o). Let q = -6 - y. What is the units digit of q?
5
Let m be (-44037)/(-99) + (0 - 6/(-33)). Suppose -2*w = m - 2489. What is the hundreds digit of w?
0
Let k be 18/42 + (-3)/7. Suppose 4*p + 3*d - 90 = k, p - 2*d - 32 = 2*d. What is the tens digit of p/(-1)*(-77)/44?
4
Let i(g) = -g**3 - 20*g**2 + 4*g - 34. Let d be i(-23). Let x = d - 679. Suppose -4*u - u - 5*q = -980, -4*u - 5*q + x = 0. What is the hundreds digit of u?
1
Let z be (3176/12)/(30/45). Let x = z + -